
Suppose -5*b - 3*k + 7811 = 0, -5*b + 23*k + 7801 = 21*k. Is b prime?
False
Let n = -25 - -41. Is ((-6)/9)/(n/(-5352)) composite?
False
Suppose 0 = -5*f - i + 5*i - 5890, 0 = -2*i. Is f/(-3)*(-6)/(-4) composite?
True
Let t(r) = -2*r + 3. Let j be t(2). Let g = 5 + j. Is -3*((-3376)/12)/g a composite number?
False
Let n = 19 + -17. Is n/(-7) + 5356/28 prime?
True
Is (-38)/5*(19958/(-4) + -3) prime?
False
Let b = 121 + -234. Let h = 56 + b. Let w = h - -94. Is w a composite number?
False
Let z be (-6)/(-4) + (-3)/(-2). Is z*3/27*2103 prime?
True
Suppose 3*d = -2*d + 2*j + 982, 4*j = -3*d + 584. Let c = d - 394. Let t = c + 313. Is t composite?
True
Suppose -2*h - 12802 = -r - 3*r, -3*r = -3*h - 9594. Is r a prime number?
True
Let f(q) = q**3 + 5*q**2 + 7*q - 21. Let u be f(-10). Let a = u + 2326. Is a composite?
True
Let m(l) = 2*l - 11. Let f be m(9). Let q = 1 - f. Is (334/q)/(3/(-9)) a composite number?
False
Let u be (-9751)/(-28) - (-1)/(-4). Suppose 4*k = -2*n - 2*n + u, 5*k = 2*n - 146. Is n prime?
True
Let y = -8 - -10. Suppose -y*b = -151 - 1. Is (-57)/b + (-143)/(-4) a prime number?
False
Let g be 743/(-3) + (-12)/(-18). Let c = -90 - g. Is c prime?
True
Suppose -24544 = -3*u + 5*g, 31101 + 1611 = 4*u - 4*g. Is u a prime number?
False
Suppose -14 = -m - m - 3*u, -3*u - 46 = -4*m. Let p(r) = -2*r**3 + 12*r**2 - 13*r - 12. Let z be p(m). Let h = z - -1571. Is h prime?
False
Let i be (1 + -4 - -2)/((-2)/(-4)). Is 7/(((-2)/647)/i) composite?
True
Let c = 13 - 11. Suppose -c*u = -67 + 319. Is (u - 4)*3/(-6) a composite number?
True
Let p = 38 - 40. Let j(q) = 146*q**2 - 1. Is j(p) a composite number?
True
Let m = 326 + -318. Let v = -888 + 1548. Suppose -m*p = -v - 1668. Is p composite?
True
Suppose 5*t = -4*z + 167705 - 21194, -2*t + 4*z = -58582. Is t a prime number?
False
Suppose 0 = -5*d - 2*p - 23, -2*p + 2 = -3*d - 15. Is 146 + (1 - (3 + d)) a prime number?
True
Suppose p + 7 = 2. Let n be (-2)/1*p/2. Suppose 0 = n*f + 6 + 4, -2*g + 516 = -f. Is g composite?
False
Suppose 155*j = 161*j - 124842. Is j a composite number?
False
Let w(y) be the first derivative of 22*y**2 + 11*y - 11. Is w(9) a composite number?
True
Let m = -67 - -44. Let l be 4/6 - (-224)/6. Let u = m + l. Is u prime?
False
Suppose 2*l - 7440 = -2*l - 2*q, -5*l + 4*q + 9313 = 0. Is l a composite number?
False
Let q(g) = -2*g - 6. Let v be q(-10). Let d = v - 12. Suppose 3*r + m - 277 = 0, 0*m + 4 = -d*m. Is r prime?
False
Let z(s) = s + 4. Let a be z(-4). Let v(q) = -q**2 - q + 8. Let r be v(a). Let f(n) = n**2 - 3*n + 9. Is f(r) a prime number?
False
Let l(w) = -2*w**3 - 14*w**2 - 11*w + 20. Let z be l(-17). Suppose 3*g = -5*j + z, 0 = 3*g + j - 3*j - 5980. Is g prime?
False
Let j be 9/(-6)*2 + 772/1. Is j*(2 + 0 + -1) composite?
False
Let q(o) = 3523*o**2 - 53*o - 3. Is q(-5) composite?
False
Let d(s) = -2*s**3 - 22*s**2 + 15*s + 1. Is d(-18) a prime number?
False
Let n be (21/(-9) + 3)*3. Suppose o = n*o. Is 477/3 - 2 - o a prime number?
True
Is (-187429)/(-2) - 51/(-102) a composite number?
True
Let s = 74 - -319. Let n = -320 + 562. Suppose -2*l + n = -3*c, -2*l - l - 3*c + s = 0. Is l composite?
False
Let g(f) = -f**3 + 7*f**2 - 50*f - 19. Is g(-10) a prime number?
False
Let q(o) = o + 19. Let h be q(0). Suppose -5*b - 5*l - 20 = 0, l = -3*b + 5*l - h. Let m(i) = -3*i + 6. Is m(b) a composite number?
True
Let d = 2 - -4. Suppose 5*i - d*i = -655. Is i a prime number?
False
Is (741 + -23)/(2/7) prime?
False
Suppose 14*p - 28 = 10*p. Suppose p*x - 786 = 4*x - g, 4*x = -5*g + 1048. Is x prime?
False
Is (90/315 - (-134984)/14) + 7 a prime number?
True
Suppose 5230 = -12*s + 14*s. Is s a composite number?
True
Let l(z) = 18*z + 18*z - 14*z + 104*z + 73. Is l(21) a composite number?
False
Let h(m) = -2*m**2 + 3*m + 2. Let a be h(-1). Let x(z) = 8*z**2 + 7*z + 7. Is x(a) a prime number?
False
Let l = -17973 + 26786. Is l a prime number?
False
Let n(h) = -2909*h + 4. Is n(-3) prime?
True
Let a = -615 - -992. Is a a prime number?
False
Suppose 3*n = 5*p + 28609, -4*p - 9525 = -n - 8*p. Is n a prime number?
True
Let v(x) = -2*x**3 - 2*x**2 + x - 2. Let h be v(-2). Suppose o + 1060 = -h*o. Let z = -127 - o. Is z prime?
False
Suppose -5*b + 547386 = 9*b. Is b prime?
False
Suppose r = -4*r - d + 1253, 245 = r + 3*d. Is r a prime number?
True
Let u(p) be the first derivative of -p**3/3 + 15*p**2/2 - 10*p + 2. Let v be u(11). Let g = v + 55. Is g a composite number?
False
Suppose -2*z + 3*q = 7*q + 28, -4*q - 34 = 3*z. Suppose 242 = -3*y - 934. Is 4/(-12) + y/z a prime number?
False
Let t(y) = -5*y**2 - 8*y - 17. Let d be t(-12). Let v = 1198 + d. Is v a composite number?
False
Suppose 148 = n + n. Let a = 340 - n. Suppose 0*b + b = -5*o + a, 3*o = 9. Is b prime?
True
Let o(p) be the first derivative of -11*p**2 + 29*p + 1. Is o(-12) prime?
True
Let c = 407 + 32. Is c composite?
False
Suppose 0 = 32*t - 32537 - 73031. Is t composite?
False
Let x(q) = -q**3 + 7*q**2 + 15*q - 12. Let d be x(10). Let l = d + 277. Is l prime?
False
Let w(p) = 9*p**3 - 7*p**2 + 11*p - 2. Is w(3) prime?
True
Let s = 4365 + 6329. Is s a prime number?
False
Let l(n) = -1009*n**3 + 5*n + 9. Is l(-2) a prime number?
False
Suppose -4*a + 159258 = 62*a. Is a prime?
False
Suppose 4*d - 5 = 7, -h = -3*d - 133. Suppose 0 = 5*g, 2*q + 474 = 4*q - 5*g. Let w = q - h. Is w composite?
True
Let h = 4 - 0. Suppose 2*k + 3*r = -16, 9*r - 8*r = 4. Is ((-526)/h)/(k/28) a composite number?
False
Let g be 358/((24/21)/4). Suppose 5*z + v - g = -0*v, 512 = 2*z - 5*v. Is z a composite number?
False
Let u(l) = l + 77. Let n be ((-4)/16)/(1/(-12)). Suppose -n*w + 0*w = 0. Is u(w) a composite number?
True
Suppose 0 = -4*n, -4*k = n - 0*n - 460. Is k composite?
True
Suppose 0 = -4*w - 4*b + 9*b + 31136, 5*b = -5*w + 38965. Is w a composite number?
False
Let m = 9 + -6. Suppose 0 = -5*n + m*n. Suppose n = -2*a + 936 - 142. Is a prime?
True
Let v be 11/4 - 4/(-16). Let g be (10/v)/(2/231). Suppose 50 = 5*u - g. Is u composite?
True
Let v(y) = -y**2 - 14*y - 10. Let w = 14 + -10. Suppose 7*h + 27 = w*h. Is v(h) a prime number?
False
Let o = 716 + -657. Is o a composite number?
False
Suppose 5*w - n = w + 27, 2*n = 2. Suppose 2298 = -4*c + w*c. Is c composite?
True
Suppose -2*g - s + 8990 = -3598, s = -3*g + 18883. Is g a prime number?
False
Let o(a) = 82*a**2 + 2*a - 25. Is o(6) a composite number?
False
Let w be 7*(2 - 3)*13. Let s = w - -302. Is s a composite number?
False
Let p = 3 - 6. Let q(z) = -345*z - 7. Let a be q(p). Suppose -739 = -3*t + a. Is t a composite number?
True
Is (32350/(-5))/(-2) - -6 composite?
True
Let u = 17 + -12. Suppose -3*s - u*k = -6*s + 10, k = 5*s - 2. Is (3 - 1 - s) + 489 composite?
False
Suppose 5*k = 8*k. Let y be k + -1 - (-2 + -4). Suppose -y*f + 2550 = -565. Is f prime?
False
Let h = -12 + 1. Let t(i) = -14*i - 3. Let n(j) = -28*j - 6. Let l(m) = h*t(m) + 6*n(m). Is l(-8) a prime number?
True
Let q(s) = s**2 - 12*s - 3. Let y be q(12). Let c be (y + 2)/(2/(-4)). Is -3*c*(-26)/12 composite?
False
Suppose 3*u = -671 + 3647. Let w = -234 + u. Is w composite?
True
Suppose 2*r + 499 = 3*r. Let k = r + 84. Is k composite?
True
Let g = -191 + 491. Let l = -520 + g. Let w = -109 - l. Is w a composite number?
True
Suppose 3*d + 3*l + 554 = 4*d, 2*l - 2821 = -5*d. Suppose -d - 9302 = -5*b. Is b a prime number?
True
Let s(w) = w + 62. Let f be s(0). Let k be 2/12*14*3. Let r = k + f. Is r a prime number?
False
Suppose -s + 1134 + 1915 = 0. Is s prime?
True
Let w(m) = m**2 + 4. Let b be w(0). Suppose -7*o + 3*q + 5541 = -b*o, 7388 = 4*o + 5*q. Is o composite?
False
Let x(v) = -8*v - 51. Let f be x(-5). Let o(a) = 8*a - 2*a**3 - 16 + 0*a**3 + 2*a - 15*a**2. Is o(f) prime?
False
Suppose -63*z + 59*z + 16446 = -2*p, 5*z - 4*p = 20565. Is z a composite number?
True
Suppose -2070 = 3*o - 19470. Let j = o - 3647. Is j prime?
True
Suppose 5*u - q = 79800, 5*u + 5*q - 100190 + 20420 = 0. Is u a composite number?
False
Is (-1 - 9396/16)/((-3)/12) a prime number?
False
Let f be 8/(-2) + 43*1. Let b = f - -410. Is b prime?
True
Let h = -5 + 7. Let x = 159 + -156. Is (h/x)/((-4)/(-210)) a composite number?
True
Let m(i) = 96*i - 3. Let g(f) = 193*f - 5. Let a(l) = 6*g(l) - 13*m(l). Let y be a(6). Is (-4)/2*y/